 be the third derivative of -1/30*s**5 + 0 + 1/6*s**4 - 4*s**2 + 0*s + 1/6*s**3. Determine z(3).
-5
Let o(a) be the second derivative of -1/2*a**3 - 1/2*a**2 + 2*a + 0. Let l = -16 + 14. Calculate o(l).
5
Let p(q) = 3 + 2 - q - 3. Determine p(4).
-2
Let o(l) = l + 13. Suppose -13*h + 16*h = -18. Give o(h).
7
Let u = 31 - 26. Let v(z) = -z**2 + 5*z + 11. Let k(q) = -7 - 5*q + q**2 - 5 + 0. Let l(a) = -6*k(a) - 7*v(a). Give l(u).
-5
Let o(z) = z**3 + 7*z**2 + z + 6. Let c be o(-7). Let f(y) be the third derivative of y**6/60 - y**4/24 + 20*y**2. Calculate f(c).
-1
Let x be 3*((2 - (-16)/(-3)) + 3). Suppose 0 = 4*o - 2 - 2, 2*z = 2*o + 2. Let i(y) = -5*y**z + 4 - 3*y**2 + 2*y - 3. Calculate i(x).
-9
Suppose 2*h + 3*h = 0. Suppose -3*g = -h + 12. Let j(p) = p**3 + 3*p**2 - 4*p + 3. What is j(g)?
3
Let m = 7 + -5. Let j(t) = m - 8*t - 2 + 5*t**2 + 6 + 0*t. Let u(q) = 11*q**2 - 17*q + 13. Let h(p) = 13*j(p) - 6*u(p). Calculate h(-3).
-3
Let y = 1 - -4. Let l(t) = -4*t + 1 + 0*t + 4*t**2 + y*t + 0 - t**3. Determine l(4).
5
Let n(l) = 3*l + 0*l - 9*l + 1. Let o(c) = c. Let h(d) = -n(d) - 5*o(d). Give h(4).
3
Let l(b) = -4*b**2 + 6*b - 14. Let u(k) = -3*k**2 + 6*k - 12. Let s(j) = -2*l(j) + 3*u(j). Determine s(6).
-8
Suppose 2*g = -g + 36. Suppose -v - v + g = 0. Let p(a) = a - 3. Calculate p(v).
3
Let t(q) = -q**2 + 5*q - 2. Let c be 2/((-2)/(-8)*2). Suppose -4*b - c*u + 20 = 0, 4*u - 3 - 5 = 2*b. Let j = b - -1. Calculate t(j).
4
Let q = 17 + -12. Let p(g) = 3*g**2 - 6*g**2 - 1 + 2*g**2 + 6*g. Calculate p(q).
4
Let s(d) = d. Let b(o) = -7*o - 2. Let q(x) = b(x) + 6*s(x). Give q(-7).
5
Let b(w) = w**2 - 3*w + 5. Let t(r) = 2*r**2 - 6*r + 11. Let f(n) = 5*b(n) - 2*t(n). Determine f(5).
13
Let v(g) be the second derivative of 9*g**5/20 - g**4/6 + g**3/6 - 7*g. Calculate v(1).
8
Let t(s) = 2*s**2 + 3*s + 4. Let b be t(-2). Let x(o) = o**2 - 4*o - 3. Calculate x(b).
9
Let l(a) = -a**2 + 7*a - 6. Suppose 2*m - 4 = 10. Give l(m).
-6
Let m = -69 + 78. Let u(s) = 2*s - 7. What is u(m)?
11
Let h(j) = -j**2 + 3*j - 1. Let x be (-8)/(-28) - 162/(-21). Let w = 10 - x. Determine h(w).
1
Let a(o) = o + 2. Suppose c + 42 = -c. Let j = c + 15. Determine a(j).
-4
Let w(h) = -h**2 + 1. Let b(j) = -6*j**2 - 10*j - 7. Let f(q) = b(q) - 5*w(q). Determine f(-8).
4
Let h(a) be the third derivative of -a**6/360 + a**5/60 - a**4/24 + a**3/6 - 4*a**2. Let o(p) be the first derivative of h(p). Determine o(3).
-4
Let j(i) = -i**2 + 4. Let h be j(0). Suppose 9*y = h*y + 10. Let m(d) = 3*d - d**2 + y*d - d + 4. What is m(4)?
4
Let j(o) = -2*o - 4. Let c(g) = g - 4. Suppose 0 = 2*f - 0*f + 4. Let q = 2 + f. Let b be c(q). Give j(b).
4
Let a(w) = -2*w + 19 - 31 - 4*w**2 + 15. Determine a(2).
-17
Let i(b) = -2*b**3 + b**3 + 6 + 7*b**2 - b**2. Let n = 780 + -774. What is i(n)?
6
Suppose 4*z - 8 = -2*n + 3*n, 3*n = 3*z - 6. Let f(t) = -t. Let g be f(z). Let u(q) = 0*q**2 - 2*q - 2*q**2 + 2 - q**3 - q**2. Determine u(g).
2
Let q be (-18)/(-42) + (-33)/(-21). Suppose 3*t + 21 = 3*w, 15 = -7*t + 2*t. Let v(u) = -w - u**3 - 2*u**2 + 2*u**3 + 2. What is v(q)?
-2
Let u(l) = -5*l + 3. Let o(c) = -5*c + 3. Let r(a) = -6*o(a) + 5*u(a). Determine r(2).
7
Let o be -3*(0 - -1)*-1. Let a = o - 11. Let s(j) = -4*j - 4. Let u(r) = -11*r - 11. Let g(t) = a*s(t) + 3*u(t). Give g(2).
-3
Let l(m) = 5*m + 3. Let a(c) = -21*c - 11. Let n(v) = 2*a(v) + 9*l(v). Calculate n(-4).
-7
Let q(x) be the first derivative of x**3/3 + x**2/2 + 2*x + 31. Give q(-3).
8
Let d(w) = 3*w - 4. Suppose -13 = 2*p - 33. Suppose -y + 3*y = p. What is d(y)?
11
Suppose 0 = -4*n + x, 5*n + 7*x = 2*x. Suppose -7 = -j - n. Let b(c) = 2*c - 10. Give b(j).
4
Let m be ((-3)/15)/(7/(-35)). Suppose 4 = 3*p - l - 1, -5*l = -20. Let j(i) = 0*i + 0*i + 6*i**p + i**2 - 3 + 2. Determine j(m).
6
Let o be 159/21 - 8/14. Let h(i) = -2*i + 6. Calculate h(o).
-8
Suppose -a = a - 4. Let x(s) = s**2 + a + 2*s - 3*s**2 - 4*s. What is x(-2)?
-2
Let v(c) = -c**3 + 4*c**2 + c + 2. Suppose -2*i + 20 = 3*i. Determine v(i).
6
Let j(o) = 2*o**2 + 7*o + 5. Let s(p) = 4*p + 24. Let w be s(-7). What is j(w)?
9
Let v(j) = j**3 - 3*j**2 + 2. Let q(k) = k**3 + 5*k**2 - 6*k + 2. Let c be 6*(-1 - -3 - 3). Let o be q(c). Give v(o).
-2
Let l(o) = o + 1. Let m(y) = y**3 + 2*y**2 - 4*y - 2. Let k be m(-3). Let a(p) = 0*p + 2*p - 5*p + 2. Let c(g) = k*l(g) + a(g). What is c(3)?
-3
Let v(l) = -2*l + 7. Let d(z) = -4*z - 4. Let p be d(-5). Let w be 52/14 + p/56. Suppose -o = -2 - w. What is v(o)?
-5
Let v(p) = p**3 - p - 3. Let t be 6*2/8*-2. Let h be 0 - t - (-2)/(-1). Let y be -1 - (0 - 1)/h. Give v(y).
-3
Let s(q) = -q + 2. Suppose 0*p - 4 = -2*p. Suppose d + p = -3. Give s(d).
7
Let m(l) be the first derivative of 2 + 2*l**2 + 1/4*l**4 - l + 4/3*l**3. Let z be m(-3). Let x(d) = 2*d + 2. What is x(z)?
-6
Let q(v) = -5*v + 1. Let b(x) = -x + 1. Let n(a) = -2*b(a) + q(a). Give n(-3).
8
Let r(p) be the second derivative of -p**5/120 - 5*p**4/24 - p**3/3 - p. Let v(a) be the second derivative of r(a). Give v(-4).
-1
Let o(j) = -2551*j + 2551*j - j**2 - 2. Give o(-2).
-6
Suppose 3*p + 5*g = 19 - 3, -4*p - 22 = -2*g. Let x(s) = s + 5. Let w be x(p). Let b(q) = -8*q + 3. Calculate b(w).
-13
Let h(b) be the first derivative of -b**2 + 8*b + 2. Let u be -10*(-2)/(-20)*-6. Let y = u - 0. Give h(y).
-4
Let g(j) = j**3 + 7*j**2 + 2*j - 7. Let y(f) = f**3 + 7*f**2 + 2*f - 7. Let c(l) = -4*g(l) + 3*y(l). Give c(-6).
-17
Let b be 11 + -7 - 1*-2. Let o(g) = -g**2 + 7*g + 4. Determine o(b).
10
Let r(d) = -5*d + 6*d**2 - d**3 - 5*d**2 + 3*d**2 + 4. What is r(3)?
-2
Let h(w) be the third derivative of w**4/24 + 2*w**3/3 + 24*w**2. Determine h(-4).
0
Suppose -25 = -41*s + 46*s. Let y(k) = -k - 1. Calculate y(s).
4
Suppose 25 = -4*i + a + 4*a, -20 = 3*i - 4*a. Let t = i + 2. Let r(h) = 3*h**2 + 4*h**2 - h**t. What is r(-1)?
6
Let w(h) = 3*h - 5. Let f be w(0). Let l(s) = -s**2 - 5*s + 3. Determine l(f).
3
Let a(l) = 16*l**2 + 6*l + 3. Let n(i) = -15*i**2 - 5*i - 2. Let o(h) = 3*a(h) + 4*n(h). Give o(1).
-13
Let b = 3 + 1. Let j(l) = 2*l - 7. Let s(q) = 2*q - 5. Let i(c) = 2*j(c) - 3*s(c). Determine i(b).
-7
Let j(v) = -v**2 + 2*v. Let i be 54/(-9)*1/3. Give j(i).
-8
Let t(w) = w**2 - 3*w + 1. Let h be t(4). Let j(k) = k**2 - h*k - 3 + 3 - 5 + 3. Suppose -5*m = 5*c - 45, 0 = 5*c + 3*m - 6 - 31. What is j(c)?
-2
Let l(r) = r**3 + 6*r**2 + 2. Suppose 4*d + 3*t = 23, -d + 2*t = 4 + 4. Suppose -4*i + 3*i + d = 0. Suppose i*p = 4*p + 12. What is l(p)?
2
Let c(b) = 4*b**3 + 7*b**2 - b + 2. Suppose -4*h = -19 + 3. Let o(y) = -5*y**3 - 8*y**2 + y - 2. Let d(q) = h*c(q) + 3*o(q). Let m = 9 + -13. Calculate d(m).
6
Suppose 3*d + 2*l + 21 = 0, d - l + 0 + 2 = 0. Let x = 14 - 12. Let n(r) = -1 + 5*r + r**2 + 0*r**x + 4. Calculate n(d).
3
Let m = -8 + 11. Let v(p) be the first derivative of -p**4/4 + 2*p**3/3 + 3*p**2/2 - 2*p + 12. Calculate v(m).
-2
Let k = 6 + -6. Let d(y) be the first derivative of -y**5/20 - y**4/12 - 2*y**2 + y + 1. Let j(o) be the first derivative of d(o). What is j(k)?
-4
Let j = -12 + 15. Suppose 0 = i + j - 7. Let o(u) = -u - 1. What is o(i)?
-5
Let w(d) = d - 1. Let j(q) be the first derivative of q**5/120 + q**4/3 - 2*q**3/3 + 1. Let o(t) be the third derivative of j(t). Let y be o(-8). Give w(y).
-1
Let y(h) = 5*h + 41 - h**2 - 8*h - 42. What is y(-3)?
-1
Let l be 2/(-5)*250/(-100). Let g(t) = 2*t + 5*t**3 - 1 - t**2 + 0*t**2 + 0. Give g(l).
5
Let w(d) = -d**3 - 2*d**2 + 4*d + 2. Let c(q) = 3*q**2 + q - 1. Suppose -5 = -5*s - 0. Let p be c(s). Let z = -6 + p. Calculate w(z).
-1
Let k(i) be the third derivative of i**6/120 + i**5/30 - i**4/6 - i**3/2 - i**2. Suppose -5*q + 0 - 10 = 0. Let y be q*1 + (-6)/6. Calculate k(y).
0
Let o = -4 + 0. Let w(v) be the second derivative of v**5/20 + v**4/3 - v**3/2 - 3*v**2/2 + 4*v + 5. Determine w(o).
9
Let d(r) = 3*r**3 - r**2 - 14*r + 9. Let i(p) = p**3 - 5*p + 3. Let u(s) = -4*d(s) + 11*i(s). Determine u(4).
1
Let k(p) = 5*p. Suppose 0 + 1 = x. Let v be x/2*-2*-5. Suppose -v*y - 3 - 2 = 0. What is k(y)?
-5
Let q be 1*(1 + -3 - -4). Let z(m) = -3*m**q - 2 + 3*m**2 - 3*m**2 + 2*m**2. Determine z(-2).
-6
Let s = -8 + 14. Let o(j) = 7*j - 4 + j**3 + s*j**2 + 0 - 3*j. What is o(-4)?
12
Let m(z) = z**3 - 4*z**2 - 4*z - 3. Let l be m(5).